 - 112. Determine q(-11).
9
Let p(k) = 25*k**2 + 124*k - 23. Determine p(-5).
-18
Let u(p) = p**2 - 141*p + 1050. Calculate u(8).
-14
Let y(l) = 434*l + 9136. Determine y(-21).
22
Let r(y) = 7*y**2 + 3*y - 832. Calculate r(-11).
-18
Let z(x) = -x**3 + 26*x**2 + 243*x - 1321. Give z(4).
3
Let a(n) = 34*n + 62. Give a(6).
266
Let h(i) = -1131*i - 15879. What is h(-14)?
-45
Let r(g) = 12*g**2 + 42*g + 8. Calculate r(-3).
-10
Let z(w) = 7*w**2 + 32*w - 7. Determine z(2).
85
Let v(s) = -s**3 + 9*s**2 + 24*s - 69. Calculate v(10).
71
Let c(m) = 19*m + 80. Calculate c(-12).
-148
Let b(m) = -3*m**2 + 64*m + 44. Calculate b(22).
0
Let g(x) = -94*x + 1096. Give g(11).
62
Let x(l) = -l**2 + 5808*l - 57964. Determine x(10).
16
Let h(z) = z - 5. Give h(-7).
-12
Let o(c) = 92*c**2 + 2108*c - 2109. Calculate o(1).
91
Let g(h) = -6308*h + 50488. Give g(8).
24
Let k(f) = -2*f**2 - 51*f - 249. Calculate k(-15).
66
Let u(c) = 208*c + 42436. What is u(-204)?
4
Let n(r) = -r**2 + 14*r + 249. Give n(21).
102
Let h(i) = -18*i - 101. What is h(-4)?
-29
Let m(s) = 29*s**2 + 49*s. What is m(-2)?
18
Let y(p) = -483*p - 9690. Calculate y(-20).
-30
Let c(i) = -i**2 - 126*i + 3991. What is c(26)?
39
Let a(g) = -33*g + 2345. Determine a(71).
2
Let t(r) = r**2 - 81*r + 1243. Calculate t(19).
65
Let b(v) = -115*v + 445. Calculate b(4).
-15
Let y(z) = -5*z**2 - 21*z - 1. Determine y(-6).
-55
Let x(v) = -v**3 - 24*v**2 - 42*v + 444. Determine x(-21).
3
Let o(p) = -33*p + 86. Give o(-4).
218
Let f(i) = i**3 + 18*i**2 - 25*i - 23. Calculate f(-19).
91
Let m(a) = 37*a + 333. Calculate m(-10).
-37
Let x(p) = p**3 + 8*p**2 + 75*p + 328. Determine x(-6).
-50
Let q(f) = -f**3 - 38*f**2 + 3*f + 114. Determine q(-38).
0
Let x(f) = -2*f**3 - 46*f**2 - 124*f - 33. What is x(-20)?
47
Let x(z) = 3*z + 101. Give x(-28).
17
Let t(i) = 7*i + 71. Calculate t(-8).
15
Let c(u) = 2*u**3 - 10*u**2 + 5*u - 120. Give c(6).
-18
Let o(x) = -102*x**2 + 1128*x - 75. Determine o(11).
-9
Let h(o) = -o**3 - o**2 + 65*o - 93. What is h(-9)?
-30
Let r(o) = 15*o + 167. What is r(-26)?
-223
Let y(d) = 668*d + 3363. What is y(-5)?
23
Let z(r) = -2*r**3 - 157*r**2 - 95*r - 1326. Give z(-78).
0
Let x(l) = -67*l - 147. Give x(-2).
-13
Let d(m) = -50548*m + 404386. Determine d(8).
2
Let a(k) = -134*k - 2418. Calculate a(-18).
-6
Let f(i) = -306*i - 612. Give f(-3).
306
Let r(l) = -15566*l - 15600. What is r(-1)?
-34
Let g(t) = -105*t + 5151. Give g(49).
6
Let g(h) = 254*h + 3296. Give g(-13).
-6
Let r(y) = -y**3 - 7*y**2 - 24*y - 85. Calculate r(-5).
-15
Let n(x) = x**2 - 62*x - 6095. What is n(-53)?
0
Let q(z) = -13*z + 350. What is q(28)?
-14
Let s(m) = -2*m**2 + 116*m + 53. Determine s(0).
53
Let h(a) = -2*a**2 + 18*a + 62. Give h(13).
-42
Let k(b) = 233*b + 6054. Determine k(-26).
-4
Let w(y) = -y**2 + 69*y - 622. Calculate w(11).
16
Let x(s) = -29*s - 102. Calculate x(-8).
130
Let g(q) = 4272*q - 16970. What is g(4)?
118
Let q(o) = 12*o**2 - o - 25. What is q(3)?
80
Let r(d) = 50*d + 80. Determine r(-8).
-320
Let u(o) = 67*o**2 + 7*o - 3. What is u(1)?
71
Let r(g) = 3*g**3 - 583*g**2 + 171*g + 4472. What is r(194)?
10
Let m(n) = 60*n**2 - 296*n - 10. What is m(5)?
10
Let b(s) = -s**2 - 38*s - 242. What is b(-8)?
-2
Let s(i) = i**2 + 29*i + 79. Give s(-25).
-21
Let s(u) = -62*u**2 - 381*u + 916. Determine s(-8).
-4
Let m(a) = 18*a - 193. Calculate m(12).
23
Let f(m) = -6*m**3 - 2*m**2 - 13*m - 14. Calculate f(-4).
390
Let k(d) = -d**2 - 48*d - 313. Calculate k(-8).
7
Let w(o) = 28*o**2 - 2*o - 26. Determine w(-4).
430
Let w(h) = 9*h**2 - 404*h + 351. Give w(44).
-1
Let q(z) = 3*z**2 + 380*z - 9. Calculate q(0).
-9
Let s(m) = -55*m + 622. Give s(7).
237
Let p(m) = -4*m**3 + 21*m**2 - 30*m + 5. Calculate p(4).
-35
Let u(q) = 2*q**3 + 115*q**2 - 299*q + 94. Determine u(-60).
34
Let c(m) = -m**2 - 1129*m + 55272. Calculate c(47).
0
Let w(a) = 44*a - 46. What is w(6)?
218
Let q(b) = 657*b - 2030. Give q(3).
-59
Let o(z) = 2*z**2 - 496*z + 1511. What is o(3)?
41
Let r(g) = -56*g. What is r(-3)?
168
Let f(q) = -78*q - 544. Calculate f(-7).
2
Let z(g) = 8*g**2 - 65*g + 18. Give z(12).
390
Let d(j) = -5*j**2 + 17*j - 27. Determine d(2).
-13
Let m(j) = j**3 + 23*j**2 + 3*j - 88. Determine m(-23).
-157
Let o(p) = -3*p**2 + 81*p + 133. Determine o(28).
49
Let a(f) = 2*f**2 + 15. Calculate a(-8).
143
Let u(v) = v**3 - 6*v**2 + 670*v - 4742. Calculate u(7).
-3
Let o(c) = 33*c**2 + 161*c + 185. What is o(-3)?
-1
Let h(k) = -k**3 + 3*k**2 - 7*k + 3. What is h(3)?
-18
Let l(t) = t**2 - 25*t + 103. Give l(21).
19
Let u(t) = -30*t + 1242. Determine u(41).
12
Let a(g) = -g**3 + 67*g**2 - 68*g + 180. Calculate a(66).
48
Let y(p) = p**3 + 34*p**2 + 65*p + 3. What is y(-32)?
-29
Let i(h) = h**2 - 76*h - 2643. What is i(-25)?
-118
Let i(r) = r**3 - 9*r**2 + 6*r - 3. Calculate i(9).
51
Let a(g) = -22*g**2 - 10*g + 5. Give a(-1).
-7
Let z(a) = 7*a**2 + 65*a - 333. Give z(-13).
5
Let d(r) = -19*r - 65. What is d(-7)?
68
Let g(m) = -m**3 - 13*m**2 + 168*m - 33. Determine g(8).
-33
Let u(k) = k**3 - 7*k**2 - 6*k + 39. Determine u(7).
-3
Let h(m) = 16*m**2 - 161*m + 7. Calculate h(10).
-3
Let s(c) = -4*c**3 + c**2 + 62*c - 62. Calculate s(1).
-3
Let h(j) = -39*j - 219. Give h(-5).
-24
Let c(a) = -2*a**3 + 63*a**2 + 61*a + 1255. Calculate c(33).
1
Let i(m) = -14*m**2 + 10*m - 12. What is i(1)?
-16
Let c(p) = -12*p**2 - 14*p - 24. Calculate c(-6).
-372
Let p(l) = l**2 + 45*l - 368. What is p(7)?
-4
Let v(h) = -5*h**3 - 17*h**2 - 9*h - 6. What is v(-3)?
3
Let t(d) = d**3 + d**2 + 14*d + 14. Give t(-8).
-546
Let q(r) = -21*r**2 - 463*r - 29. Give q(-22).
-7
Let o(i) = -3*i**2 + 86*i - 37. Determine o(29).
-66
Let q(v) = -18*v**3 - 35*v**2 + 6*v + 15. Calculate q(-3).
168
Let a(c) = -4*c**2 - 507*c - 1998. What is a(-4)?
-34
Let f(d) = 151*d**2 - 15*d - 42. Calculate f(-2).
592
Let a(n) = -n**2 + 16*n + 48. Determine a(-10).
-212
Let p(u) = 3*u**2 + 58*u - 344. Calculate p(5).
21
Let v(l) = 21946*l - 43897. Give v(2).
-5
Let h(k) = -2*k**3 - 18*k**2 + 226*k + 14. What is h(-16)?
-18
Let x(z) = 2*z**2 + 147*z + 937. Calculate x(-7).
6
Let d(q) = 2*q**2 + 26*q + 83. Give d(-9).
11
Let d(l) = -l**3 + 100*l**2 - 114*l + 1449. Determine d(99).
-36
Let p(l) = -11*l**2 - 17*l - 48. Calculate p(-2).
-58
Let z(w) = -39*w + 1437. Determine z(32).
189
Let b(q) = q**3 - 53*q**2 - 94*q - 886. Calculate b(55).
-6
Let b(l) = 2*l**2 + 258*l - 2191. Calculate b(8).
1
Let p(m) = -m**2 - 233*m - 4833. Give p(-23).
-3
Let a(g) = -72*g + 197. Determine a(3).
-19
Let i(r) = -84*r**2 + 16*r + 6. What is i(-1)?
-94
Let b(h) = -h**2 - 37*h - 196. Calculate b(-18).
146
Let i(x) = 89*x + 4458. Determine i(-50).
8
Let o(h) = -44*h**2 - 24*h + 24. What is o(1)?
-44
Let n(t) = 27*t - 305. What is n(9)?
-62
Let o(v) = -199*v - 826. Give o(-3).
-229
Let g(y) = -84*y**2 + y. Calculate g(-1).
-85
Let x(v) = -v**2 - 56*v - 599. What is x(-19)?
104
Let y(c) = 2*c**2 - 28*c - 724. Give y(27).
-22
Let f(w) = 2*w**2 + 29*w + 388. Calculate f(-11).
311
Let l(r) = -r**3 + 8*r**2 + 44*r - 59. What is l(8)?
293
Let x(b) = -15*b**2 + 690*b + 8. Determine x(46).
8
Let c(y) = y**2 + 60*y + 277. Calculate c(-50).
-223
Let x(g) = 4985*g - 29908. What is x(6)?
2
Let i(f) = -2338*f + 317971. What is i(136)?
3
Let x(q) = -q**3 - 13*q**2 - 13*q - 37. Give x(-12).
-25
Let c(g) = -g**3 - 12*g**2 - 12*g + 63. Give c(-12).
207
Let w(d) = -27*d**2 + 18*d + 2. Calculate w(-1).
-43
Let z(v) = 3*v**3 - 140*v**2 + 348*v + 178. Calculate z(44).
2
Let w(n) = 4*n**2 + 62. Determine w(6).
206
Let w(f) = -8507*f + 42520. Give w(5).
-15
Let z(l) = l**2 - 8*l - 235. Calculate z(-13).
38
Let x(i) = -60*i + 986. Determine x(15).
86
Let g(y) = -36*y**3 - 31*y**2 + 9*y + 19. Calculate g(-2).
165
Let v(r) = -11*r + 91. Calculate v(13).
-52
Let f(r) = -58*r - 658. Give f(-15).
212
Let o(r) = -r**3 + 89*r + 294. Give o(-4).
2
Let c(j) = 18*j**2 + 130*j - 278. What is c(-9)?
10
Let t(l) = -550*l - 2209. Calculate t(-4).
-9
Let c(r) = -39*r**2 - 328*r - 133. Calculate c(-8).
-5
Let t(v) = 18*v**2 - 2*v - 4. Calculate t(-3).
164
Let p(j) = 95*j - 4379. What is p(46)?
-9
Let h(s) = -2043*s + 134837. Give h(66).
-1
Let p(s) = -125*s - 982. Determine p(-8).
18
Let c(y) = -y**2 - 27*y - 70. Give c(-30).
-160
Let l(v) = -v